ivisor of l and 24508.
44
Let h(u) = 5*u**2 + 199*u - 1031. Let g be h(5). Calculate the greatest common factor of g and 4984.
89
Let o(z) = 11*z**2 - 2*z + 2. Let r be o(1). Suppose 10*y = r*y - 3. Let p(s) = 8*s + 3. Let t be p(y). What is the greatest common factor of 9 and t?
9
Let a be (6/(-9))/((-8)/1440). Calculate the highest common factor of 1005 and a.
15
Let n be (-1)/10 + 0 - (-13509)/180*2. What is the highest common divisor of n and 60?
30
Let g(o) = -607*o**2 - 15817*o - 10. Let s be g(-26). Let z = -46 - -82. What is the highest common factor of z and s?
36
Suppose -5*l = -4*s + 115 + 459, 580 = 4*s - 2*l. Let k = s + 29. What is the greatest common divisor of 25 and k?
25
Let s be -7 + -2 - 12015/(-15). What is the highest common divisor of s and 176?
88
Suppose -3*u + 3*s = -600, -2*u + 61*s = 57*s - 408. Calculate the greatest common factor of u and 28.
28
Let j(d) = -102*d - 20916. Let i be j(-206). Suppose -4*b - 44 - 20 = 0. Let z be b/(2*(-1)/3). What is the greatest common divisor of i and z?
24
Let g be (48/8 - -7)*(1 - -4). Let f = -81 + 83. Suppose l + 35 = m, 4*m - g = f*m + l. What is the greatest common divisor of 30 and m?
30
Let h(c) = -7*c. Let g be h(-2). Let u = 13560 - 13558. What is the highest common divisor of u and g?
2
Suppose -48*s - 231 = -55*s. Calculate the greatest common divisor of 2233 and s.
11
Let f be (-76)/12*(-24)/4. Let v = 41 - f. Let i be ((-4 + 649)/v)/1. What is the greatest common divisor of i and 86?
43
Let b(x) = -x**2 - 5*x + 19. Let h be b(0). Suppose -6*j = h*j - 4675. Calculate the greatest common factor of 34 and j.
17
Let d = -3255 + 3294. Calculate the highest common divisor of d and 1209.
39
Suppose 41*d - 64 = 428. Let p(a) = a**2 - 9*a - 9. Let y be p(d). Calculate the highest common divisor of 3 and y.
3
Let d(m) = m**3 - m**2 - 2. Let s be d(2). Let w be (-36)/(-378) + (-6)/63. Suppose -10*z + 106 + 74 = w. What is the greatest common divisor of z and s?
2
Let w(c) = 52*c**2 + 2289*c + 116. Let n be w(-44). Suppose -5*m = 163 - 973. What is the highest common factor of m and n?
18
Let x be (-2)/5 + -7 + 676/65. Suppose -i = 9 - 48. What is the highest common divisor of i and x?
3
Let i = 53 - 43. Suppose -3*q + 804 = 4*d, i = 2*q + 2. Suppose -h - d = -4*h. Calculate the greatest common factor of 6 and h.
6
Suppose -1470 - 8419 = -29*y. What is the highest common divisor of 440 and y?
11
Let r = 415 + 226. Let p = r - 471. Calculate the highest common factor of 34 and p.
34
Let u(m) = -24*m - 20*m - 3 + 46*m. Let s be u(-1). Let h(v) = 6*v**2 - v - 1. Let c be h(s). Calculate the greatest common divisor of 22 and c.
22
Let r be ((-8)/28)/((-2)/266). Suppose 2*w - r = 16. Let h be 156/w + (-7)/(252/(-8)). Calculate the greatest common divisor of h and 8.
2
Let u(i) = i**3 + 5*i**2 - 15*i - 57. Let w be u(-6). Let o be (51/w)/(39/(-663)). Calculate the greatest common divisor of o and 51.
17
Let f = 82399 + -46114. Calculate the highest common factor of f and 177.
177
Let x = -7 + 6. Let j be (-1 + x)*(-45)/30. Suppose 1 = -j*k + 7. Calculate the greatest common factor of 16 and k.
2
Suppose 70*c - 41721 = 262219. What is the highest common divisor of c and 52?
26
Let i(l) = 233*l + 198. Let b be i(32). Suppose 34*a + 3064 - b = 0. Calculate the greatest common divisor of a and 216.
27
Suppose 6996*v - 6976*v - 13760 = 0. Calculate the highest common divisor of v and 128.
16
Let z = 233 + -233. Suppose 0 = 4*o - 5*m - z*m - 533, 4*o + 3*m - 525 = 0. Calculate the greatest common factor of o and 12.
12
Let j = -44 - -68. Suppose 3*r = 3*k - 152 - 250, -k + 124 = 4*r. Calculate the greatest common divisor of k and j.
12
Let q be (-108)/42*11*(-14)/3. Let l = 1 + 3. Suppose -r + l = -2. Calculate the greatest common divisor of r and q.
6
Suppose -q - 2*q - 3 = 0. Let c be -3 + (q - (-4)/(-2)). Let x be (58 - c) + (2 - 0). Calculate the greatest common divisor of x and 6.
6
Suppose 234 - 5 = 14*s + 33. Calculate the greatest common divisor of 854 and s.
14
Let h = 5274 + -1664. Calculate the highest common divisor of h and 30.
10
Let g = -15355 + 16487. What is the highest common divisor of g and 28?
4
Let d = 57 + -24. Suppose 3*y = -r + d, 3*r + 2*r - 5*y - 65 = 0. Let z be (20/(-12))/(-5)*r. Calculate the greatest common divisor of z and 6.
6
Suppose 98*b - 1552 = 11188. What is the highest common factor of b and 50?
10
Let u be (-5 + (-106355)/(-10))*(128/(-24) + 6). Calculate the highest common factor of 38 and u.
19
Let g = 30 - 26. Let a be 2/6*(-30)/g*-40. Let q be 216/22 - (-2)/11. What is the greatest common factor of q and a?
10
Suppose 0 = 30*k + 74*k - 35572 - 204. Calculate the highest common factor of k and 473.
43
Suppose -4*p + 33 = v, 4*p = 4*v + 3*p - 81. Let s be 3 + (28/v)/(1/(-3)). Let j be -66*3/(-2) - s. What is the greatest common factor of 20 and j?
20
Let a(q) = -3*q**3 + 31*q**2 + 274*q + 6. Let z be a(-8). What is the highest common factor of z and 116?
58
Suppose -3*w + 11 = 5, -4*w + 23 = 5*y. Suppose 3*i - c - 127 = 1065, 1184 = y*i + c. Calculate the highest common divisor of 36 and i.
36
Let t be ((-2)/2)/(130/(-304) - (-165)/440). Let l = 23 - 43. Let s = t - l. Calculate the greatest common factor of 117 and s.
39
Let y(i) = -5*i + 54. Let c be y(6). Suppose -4*z - 8 = 2*q - q, -5*q = -4*z - 80. Calculate the highest common factor of q and c.
12
Let g be (66/4)/((-72)/(-192)). Let b be g - -2 - (6 - 5). Suppose 3*z = -3*m + 15, -17 = 3*z - 3*m - 56. What is the highest common factor of b and z?
9
Let c be 3/2*64/3. Let h = 47586 + -46210. What is the greatest common divisor of h and c?
32
Suppose -128 = 5*o - 73. Let z be o/(66/(-12)) + 7. What is the greatest common factor of 81 and z?
9
Let z be ((-7)/(0 + 6/6))/(-1). Let w be z*(-3)/(-42)*100. What is the greatest common factor of 350 and w?
50
Let g(l) = -6*l - 29. Let i(c) = -2*c**2 - 23*c + 31. Let n be i(-13). Let z be g(n). What is the highest common divisor of z and 57?
19
Let s be (-12)/15*-100 - 8. Let d(o) = 2*o - 6. Let j be d(7). Calculate the greatest common divisor of s and j.
8
Suppose 7*g = 2*g - 3*z + 136, -4*g - 4*z = -112. Let a be (-9 - 13)/(0 + -2). Suppose 145 = 4*l - a. Calculate the highest common divisor of g and l.
13
Let t = -25133 - -25393. Calculate the highest common divisor of 34060 and t.
260
Let h = -8664 - -8790. What is the highest common divisor of h and 441?
63
Let s = -5849 + 6129. What is the highest common divisor of 290 and s?
10
Let d be (-1 + 36 - 0)*2. Suppose 5*x - t - 52 = 0, -2*t = 2*x + 73 - 89. Calculate the highest common factor of d and x.
10
Let v be 60*(6/(-5))/((-3)/4). Let u = 110 - v. Calculate the greatest common divisor of 77 and u.
7
Let n(o) = 2*o**2 - 27*o + 90. Let q be n(10). Let t be (-1276)/58*((-10)/4 + 0). Calculate the greatest common divisor of t and q.
5
Let f = -168 - -138. Let h be (-14082)/f - 3/(-5). What is the greatest common factor of h and 10?
10
Suppose 4*i = 4*h + 644, -61*h + 160 = i - 63*h. Calculate the greatest common factor of 135 and i.
27
Let l = 3738 - 3725. What is the greatest common factor of l and 3146?
13
Suppose 0 = -4*b - 5*s - 17, -2 - 5 = 4*b + 3*s. Suppose -b = -k + 3*k. Let o be ((2 - 4) + 1)*23/k. What is the greatest common factor of o and 115?
23
Let k(q) = -q**3 + 5*q**2 - 4*q + 8. Let h = 23 - 21. Let m be h + 1 + 0 - -1. Let n be k(m). Calculate the highest common factor of 72 and n.
8
Let m be -2 - (8 + -2)/(-1). Suppose -29 = 4*d - m*a - 9, -2*d = -5*a + 22. Let v be (d*(0 + 2))/(3/(-21)). What is the highest common factor of 28 and v?
14
Let b(x) = x**2 - x + 33. Let q be b(0). Let n = 42 - q. Suppose -4*r + 17 - 5 = 0. What is the highest common factor of n and r?
3
Suppose -5*m + 21 + 24 = 5*o, 5*m - 3*o = 5. Suppose -1171 = -52*w + 27*w - 71. Calculate the highest common factor of m and w.
4
Let a be (8/(-46))/(-2) - (-1979714)/14674. Let q = -45 + 75. What is the greatest common divisor of a and q?
15
Let p = 38 + -47. Let o = -21 - p. Let c be (-5)/((-20)/o) + 11. Calculate the highest common divisor of c and 64.
8
Let s be (12/18 - (-318)/9)/2. Suppose 5*m + s - 78 = 0. Calculate the greatest common factor of 276 and m.
12
Suppose 42*u - 37*u - 2120 = 0. Suppose 364 = -2*f 